3 + x = 0. Let d(u) = -u**3 + 51*u**2 - 45*u - 170. Let k be d(50). What is the highest common factor of k and g?
5
Let l(q) = 4*q**3 - 13*q**2 + 58*q - 24. Let y be l(6). Suppose -128*m + 119*m = -y. What is the greatest common divisor of 400 and m?
80
Let g(r) = r**3 - 7*r**2 - 13*r + 3. Let q be g(9). Suppose 14*a = -a + 45. Suppose q = a*u + 18. What is the highest common factor of 50 and u?
10
Suppose -8*x + 3*x = -4*u + 39175, 0 = 2*u + 3*x - 19615. What is the highest common divisor of u and 784?
392
Let o = 304 + -189. Suppose -11*q + 5*i - o = -15*q, -q = -4*i - 13. What is the greatest common divisor of q and 125?
25
Let v(w) = 65*w - 396. Let g be v(20). What is the greatest common factor of 24 and g?
8
Let a be (-4)/(-14) - (-10006)/14. Suppose 0 = -1264*i + 1244*i + 1100. What is the highest common factor of i and a?
55
Let v be (18 + -21 - (-11)/3)*18. Let n(s) = s**2 - 2*s + 1. Let i be n(0). Let o be (i - -3) + (21 - 1). Calculate the highest common divisor of v and o.
12
Let g = 2484 + -2385. What is the greatest common factor of 2673 and g?
99
Let t(d) = d**3 - 24*d**2 + 2*d - 42. Let a be t(24). Let n(k) = -27*k + 176. Let z be n(a). Calculate the greatest common divisor of z and 56.
14
Let s(d) = 205*d + 3768. Let f be s(11). Calculate the greatest common factor of f and 19.
19
Let r be 18 - 3 - (-72 + -6994). What is the greatest common factor of 146 and r?
73
Let w(c) = -148*c**3 + 3*c + 2. Let u be 20/(-30)*(-12)/(-8). Let y be w(u). What is the greatest common divisor of y and 98?
49
Let h = -19 - -9. Let p be (0 + (-48)/h)*60/(-18). Let w = p - -43. Calculate the highest common divisor of w and 18.
9
Let z be (-5)/1 - 0 - -10 - 5. Suppose z = 6*k + 61 - 313. Calculate the highest common divisor of k and 42.
42
Let b be (302 - 27)*13/5. What is the greatest common factor of b and 130?
65
Let a(c) = 25*c - 1736. Let o be a(91). Calculate the highest common divisor of 1386 and o.
77
Let t = 1734 - -5355. What is the highest common divisor of t and 102?
51
Suppose -100 + 1255 = 2*b + 5*s, -4*b + 2270 = 2*s. What is the greatest common divisor of 2486 and b?
113
Let n be (-2)/((-64)/15752) + ((-84)/16)/(-7). Calculate the greatest common factor of n and 203.
29
Suppose 0 = -20*f - 33526 + 115133 + 46053. What is the highest common factor of f and 26?
13
Let t(u) be the second derivative of -14*u**2 + 0 + 11/2*u**3 - 3*u. Let h be t(7). What is the greatest common factor of h and 29?
29
Suppose 4 = -28*n + 32*n. Let f(c) = c**3 + 3*c**2 - 11*c - 2. Let w be f(-5). What is the greatest common divisor of n and w?
1
Let v be (-7 - -31) + 4/(-2). Let n = -165 + 385. Suppose 2*b + 3*b = n. What is the greatest common divisor of b and v?
22
Let g = 450 - 446. Suppose -2*h + 191 = 2*h + u, 194 = g*h + 2*u. Calculate the greatest common divisor of h and 517.
47
Let u = -12424 - -22573. Calculate the greatest common divisor of 51 and u.
51
Suppose 35*h = -44*h + 40922. Calculate the greatest common factor of h and 666.
74
Suppose -31*n + 5672 = -2543. Let p = n - 260. Calculate the highest common divisor of 45 and p.
5
Let x be (-277 + -8 + 3)/(-2 + 4). Let u be (x/(-188))/(0 - (-2)/72). Calculate the highest common factor of 999 and u.
27
Let s(f) = 142*f - 846. Let y be s(11). Let n be (1*-1)/(4/(-1724)). Suppose d + 3*d + y = 5*h, -3*h + d = -n. What is the highest common divisor of 9 and h?
9
Suppose 0 = -368*t + 306*t + 1732387 + 418517. What is the greatest common factor of t and 28?
28
Let m be (-8*(-18)/(-12))/((-30)/20). Suppose 0 = -4*w + 5*o + 46, -4*o - 48 = -5*w + w. Calculate the highest common divisor of m and w.
2
Let i(j) be the first derivative of 35*j**2/2 + 246*j - 88. Let t be i(-7). What is the highest common divisor of 1 and t?
1
Suppose 14*x - 728 = 6*x. Let z = x + -82. What is the highest common divisor of 63 and z?
9
Let b be 4/36 - 2714380/(-60)*(-3)/(-9). What is the greatest common divisor of b and 260?
260
Let a be ((-462)/(-4))/((-6)/(-129) - (-12375)/8514). Calculate the highest common divisor of 10934 and a.
77
Suppose 3*t - 5 - 13 = 0. Let w be (-9)/t*4/(-3). Suppose -w*j = 8, 4*i = -3*j + 104 + 24. What is the highest common factor of i and 14?
7
Let a(u) = -5*u**3 + 2*u**2 - u. Let o be a(1). Let y = 8 + o. Let q = -1483071 + 1483103. Calculate the highest common factor of y and q.
4
Suppose -25*a = -13030 - 3870. Let l = -40 + 92. What is the greatest common divisor of a and l?
52
Let n(c) = -c**2 - 9*c + 88. Let x be n(-9). What is the highest common divisor of x and 22?
22
Let h(v) = -7*v + 9. Suppose 3*t + 14 + 15 = -m, -t - 33 = 5*m. Let y be h(t). Suppose 18*b = 667 + 35. What is the highest common factor of y and b?
13
Let d be (-2752)/10 - (-168)/140. Let o = 326 + d. Calculate the greatest common divisor of o and 195.
13
Let k be 3 - (-1)/(-2 + 3). Suppose 3*x - 15 = -0*x, k*x - 176 = -2*g. Let d(f) = 82*f - 643. Let q be d(8). Calculate the greatest common factor of g and q.
13
Let g(v) be the third derivative of v**5/60 - 59*v**3/3 - 5*v**2 - 8*v. Let a be g(11). Calculate the highest common factor of 123 and a.
3
Let u be 6/8 + (3/6 - 20140/(-16)). What is the greatest common divisor of 150 and u?
30
Let w be 1 - (-336)/64*4. Calculate the greatest common divisor of w and 1639.
11
Let j = -132 + 49. Let q = 108 + j. Calculate the greatest common divisor of 100 and q.
25
Let z = -53 + 54. Let l be 14 - 70 - 1/z. Let u = 20 - l. Calculate the highest common divisor of 7 and u.
7
Let s = 3811 + -3321. What is the greatest common factor of s and 406?
14
Suppose 65*i + 65 = 70*i. Suppose 0 = -17*d - i*d + 8190. What is the highest common divisor of d and 84?
21
Suppose 2*r = 2*b + 50, 3*r + 0*b - 4*b - 77 = 0. Let v = -9 + r. Let y = 237057 - 236931. Calculate the greatest common factor of v and y.
14
Suppose 0 = -0*o + o - 540. Let n = 5249 - 5129. Calculate the greatest common divisor of o and n.
60
Suppose 2*m = -j + 30, j + m = -4*m + 30. Let r = 55154 + -55144. What is the highest common divisor of j and r?
10
Let q(w) = -2*w**3 - w**2 + 7*w - 1. Let k be q(-3). Suppose -929 = -7*r + k. Suppose 34 + r = 5*v. What is the highest common factor of v and 85?
17
Let r be 16 + (-20)/15*9/2. Suppose -r*w + 12844 = 1684. Calculate the highest common divisor of 36 and w.
36
Let a = -14590 + 16406. What is the highest common divisor of 40 and a?
8
Suppose 90 = 12*g - 54. Let a be 4/(-2) + (-27)/3. Let r = a - -17. What is the highest common divisor of r and g?
6
Let p = -3102 - -3128. Calculate the highest common factor of 806 and p.
26
Suppose 7*l - 59 = 11. Let p be 4455/l - (-15)/6. Calculate the highest common factor of p and 28.
28
Let f = -712 - -715. Suppose -7*u + 5*u - 26 = -f*x, 3*x - 29 = 5*u. Let m(j) = j**2 + j + 2. Let n be m(-6). What is the highest common divisor of x and n?
8
Let c be 7 + 7*(-872)/(-8). Calculate the greatest common divisor of c and 280.
70
Let x be -5 - -2 - (193 - -3). Let h = x + 231. What is the highest common divisor of h and 40?
8
Let a(u) = 110*u - 954. Let n be a(9). What is the greatest common divisor of 234 and n?
18
Let o be ((-58)/(-87))/((-1)/(-90)). Suppose 2*b - 702 = 318. Calculate the greatest common divisor of b and o.
30
Let i be ((-2520)/(-49))/((-114)/(-14) - 8). What is the highest common divisor of 840 and i?
120
Let b = -162 + 172. Let o be (-1794)/(-65) + 4/b. What is the greatest common factor of 119 and o?
7
Let p(j) = -j**2 + 49*j + 62. Let q be p(50). Let o be 130/6 + 1/3. Suppose 5*s + 4*i = o, i + 13 = -4*s + 35. What is the highest common divisor of s and q?
6
Let t(b) = 10*b**2 + 30*b + 8. Let p be t(-8). Let s = p + -304. What is the greatest common factor of 13 and s?
13
Suppose -85 = -r + 2*w, -2*r = -7*r - 3*w + 464. Suppose 12*n + 50 = 146. Suppose n*d - 231 = -25*d. Calculate the highest common factor of d and r.
7
Let b = 3763 + -2890. Calculate the greatest common factor of 194 and b.
97
Let g = -2 - -7. Let m(p) = p**3 - 3*p**2 - p + 8. Let w be m(2). What is the highest common divisor of g and w?
1
Let z(n) = 19*n**2 + 218*n - 3. Let h be z(-12). Calculate the greatest common factor of h and 9.
9
Suppose -2*y + 38 = 2*o, 4*y - 3*o - 97 = -0*o. Suppose -1812 = 109*w - 260*w. Let q be (186/w)/(2 - y/12). Calculate th